when y is divided by o.
5
Let r = -53 - -63. Let i(m) = -13*m + 2. Calculate the remainder when i(-2) is divided by r.
8
Suppose 0 = -3*c - 4*c + 161. Let r(m) = 45*m - 1. What is the remainder when r(1) is divided by c?
21
Let s(f) = -4*f. Let v be s(-1). Suppose 2*q + 7*a = 3*a - v, -3*a = 15. Calculate the remainder when q is divided by 5.
3
Let b = -3 + 7. Suppose 0*r + 24 = b*r. What is the remainder when 15 is divided by r?
3
Calculate the remainder when 15 is divided by ((-6)/4)/(11/(-66)).
6
Suppose 0 = -q - 7 - 12. Calculate the remainder when 25 is divided by (-3)/5*(4 + q).
7
Let v(p) = -p**3 - 11*p**2 + 4*p. Let t(j) = -2*j**3 - 12*j**2 + 3*j + 1. Let z(l) = 2*t(l) - 3*v(l). Calculate the remainder when 34 is divided by z(8).
16
Suppose -3*n - 2*b = -106, -3*n = 2*n - 2*b - 166. What is the remainder when 100 is divided by n?
32
Let j(v) = v**3 + 7*v**2 + 1. Let g = 12 + -10. What is the remainder when j(-7) is divided by 1 - (-5 - -3) - g?
0
Suppose 0 = -2*v - 3*v + 20. Let p = 27 + -41. Calculate the remainder when (-2)/7 - 186/p is divided by v.
1
Let w(g) = 3*g + 14. Let m = -11 + 23. What is the remainder when w(m) is divided by 17?
16
Suppose -4*g + 151 - 39 = 0. Let t(k) = -k**2 - 10*k - 4. Let q be t(-10). Let m = g + q. Calculate the remainder when 71 is divided by m.
23
Let a = 17 + -12. Calculate the remainder when a is divided by 4/(-2) - 4/(-1).
1
Let n = -13 - -36. Calculate the remainder when 88 is divided by n.
19
What is the remainder when (2/5)/((-5)/(-625)) is divided by 13?
11
Suppose 4*t = 64 + 36. Calculate the remainder when 35 is divided by t.
10
Let j = -4 + 18. Suppose 0 = 2*a - 186 + 40. Suppose 8 = 3*q - a. Calculate the remainder when q is divided by j.
13
Let x = -54 + 85. Calculate the remainder when x is divided by 11.
9
Let n(t) = 6*t - 1. Let g(p) = -p**3 - 4*p**2 - 4*p - 6. Let s be g(-4). Let d = 14 - s. Calculate the remainder when 67 is divided by n(d).
21
Calculate the remainder when (-2)/17 + 2632/119 is divided by 8.
6
Let b = 11 + 28. Suppose 5*y - 2*y = b. What is the remainder when 37 is divided by y?
11
Suppose 3*d + 12 = 72. Let f = 9 - 2. What is the remainder when d is divided by f?
6
Suppose -3*m + 8*m = 30. Suppose -m*a + 7*a - 22 = 0. What is the remainder when a is divided by 8?
6
Let r(j) = 13*j**2 - 8*j + 1. Let d(b) = -b**2 + b. Let g(c) = 6*d(c) + r(c). Let n = 11 + -10. What is the remainder when g(n) is divided by 4?
2
Let z be 8/4 + 3/1. Let r = 8 - z. Calculate the remainder when 3 is divided by r.
0
Let y = 32 - 14. Let l = 21 - -6. Suppose -3*a = -y - l. Calculate the remainder when 43 is divided by a.
13
Suppose 38*z = 37*z + 16. What is the remainder when 108 is divided by z?
12
Let b = 3 - 1. What is the remainder when 22 is divided by 5/b*24/10?
4
Suppose -2*z + 4*j = -6*z + 32, 0 = -3*z + 5*j + 32. Let h = 1041 + -1025. Calculate the remainder when h is divided by z.
7
Calculate the remainder when 44 is divided by 2/(13/(-15) - -1).
14
Suppose -4*j = 4*i + j - 137, 2*i - 63 = 3*j. What is the remainder when i is divided by 9?
6
Let a = 44 - 1. Let x = 29 + -14. Calculate the remainder when a is divided by x.
13
Suppose 5*k + s = 2*k - 3, 0 = -s + 3. Calculate the remainder when 20 is divided by (k - -2) + 3 + 4.
6
Suppose -g - f + 8 = 0, -5*f + 0*f + 28 = g. Let s = g + -1. Suppose -29 = -b - 2*o, -5*b + 62 = s*o - 51. What is the remainder when b is divided by 11?
10
Calculate the remainder when 153 is divided by (-3)/30 + 391/10.
36
Let p(k) = -5 + 3*k - 3*k - k**2 - 6*k. What is the remainder when 7 is divided by p(-4)?
1
Suppose -8 + 41 = 3*d. Calculate the remainder when 96 is divided by d.
8
Suppose 2*m = -4*o + 120, 3*m - 10 = 2. Suppose 0 = -3*k + u + 50, 28 = 5*k - u - 52. What is the remainder when o is divided by k?
13
Let l = 5 + -3. Suppose 2*n = 0, b - l*n - 10 = 2*n. What is the remainder when b is divided by 6?
4
Let x(c) = -c**3 - 2*c**2 - c + 1. What is the remainder when ((-10)/4)/((-15)/60) is divided by x(-2)?
1
Let a = 18 - 11. Calculate the remainder when (a/(-3))/((-6)/126) is divided by 17.
15
Suppose 0 = 5*z + 2*p + 11, -4 = -z - 3*p - 1. Let q be 10/15 - 550/z. Suppose 2*u - q = -2*u. Calculate the remainder when u is divided by 12.
10
Suppose 4*d - 205 = -d. Let h = 23 + -21. What is the remainder when d is divided by ((-99)/(-18))/(1/h)?
8
Let m be (48/15)/(8/20). Suppose m*j = 4*j + 40. Calculate the remainder when 27 is divided by j.
7
Suppose -5*o + o + 56 = 0. Calculate the remainder when 39 is divided by o.
11
Suppose 3*y = 46 + 8. Suppose -7*s = -2*s - 265. Calculate the remainder when s is divided by y.
17
What is the remainder when (-408)/(-15) - 2/10 is divided by 6?
3
Let y(q) = 1 - 2 + 7*q - q. Let b be y(1). Suppose 4*r + 2*h = 130, -r + b*h - 10 = -26. Calculate the remainder when r is divided by 11.
9
Let h(t) = 2*t**2 - 11*t - 1. What is the remainder when h(7) is divided by 15?
5
Suppose -2*i = -83 + 21. What is the remainder when 80 is divided by i?
18
Let b be (-20)/(-8)*(1 - -1). Let c(h) = 7*h + 5. What is the remainder when c(b) is divided by 14?
12
Suppose -l + 17 = 3*u - 3*l, 0 = 5*u + 5*l - 20. Suppose u*g - 32 = g. Let z(i) = i + 13. What is the remainder when g is divided by z(-10)?
2
Let i = -6 - -22. Suppose 4*r = -3*w + 204, -r - 4*w = -2*w - 46. Suppose -3*b + 36 = -r. What is the remainder when b is divided by i?
14
Let f(d) = -d - 1. Let n be f(-3). Suppose 2*z + 34 = 3*z. Suppose 4*w = -2*a + z, -2*w = w - n*a - 15. Calculate the remainder when 19 is divided by w.
5
Let q(d) = -d + 5. Let m be q(0). Suppose -r + 0*r = -m. Calculate the remainder when 13 is divided by (-10)/25 + 37/r.
6
Calculate the remainder when 0 + 0 - (-2132)/26 is divided by 21.
19
Suppose 3*q + 73 + 62 = 0. Let z = -23 - q. Calculate the remainder when 87 is divided by z.
21
Let y be 0/(-2) - (-4 + 2). Suppose -4*l - 5*i = -145 + 9, y*i - 187 = -5*l. What is the remainder when l is divided by 10/25*(33 - -2)?
11
Suppose a - 2*h - 2*h = 19, -5*a + 65 = -5*h. Calculate the remainder when (-6)/(-9) + (-91)/(-3) is divided by a.
9
Let n = 40 - 19. Let v be (0 - 2)*(-3 - 74). Suppose 0 = -k - 3*r + 71 - 15, 0 = 4*k - 2*r - v. What is the remainder when k is divided by n?
20
Let y be -4 + 0 + -6 + 8. What is the remainder when 9/((-11)/y - 4) is divided by 5?
1
Let m = 19 - -8. Suppose -3*a + m + 3 = 0. Suppose -a = -y - 0*y. What is the remainder when 29 is divided by y?
9
Suppose 4*a + 1 - 5 = 0. Suppose 4*p - 2 - 2 = 0. Calculate the remainder when a is divided by p.
0
Suppose -2*y + 63 = -3*w, -3*w + 93 = 2*y - 0*w. What is the remainder when y is divided by 21?
18
Let r(k) = k**2 - 2*k + 1. What is the remainder when r(-2) is divided by 6?
3
Let a(i) be the second derivative of i**4/12 + 2*i**3/3 - 5*i**2 - i. Let b(j) = j**3 + 4. What is the remainder when a(-7) is divided by b(0)?
3
Suppose -21 = 4*z - 81. Suppose 5*g - 172 = g. Calculate the remainder when g is divided by z.
13
Suppose 21*h - 23*h = -246. What is the remainder when h is divided by 32?
27
Let n be (-2)/8 - 38/8. Let l = n + 19. Calculate the remainder when l is divided by 5.
4
Let u = 63 + -26. Let f(t) = t**2 + 4*t + 1. Calculate the remainder when u is divided by f(-6).
11
Let o = 23 - 51. Suppose -2*u - 1 = 1, 0 = -x + 3*u + 12. Calculate the remainder when 0 + -2 + o/(-1) is divided by x.
8
Calculate the remainder when 34 is divided by (1 - (-5)/(-2))*-6.
7
Suppose 2*g + 276 = 5*g. Suppose -2*y = -6*y + g. What is the remainder when y is divided by 6?
5
Let j = 1 - 1. Suppose 3*w + 2*w - 60 = j. Suppose 3*o - 104 = -2*o + 2*q, -2*o + 2*q + 38 = 0. Calculate the remainder when o is divided by w.
10
Let f(t) = 20*t**3 + t. Let n be f(1). Let d = n + -9. What is the remainder when d is divided by 7?
5
Suppose -30 = -12*t + 9*t. Calculate the remainder when 66 is divided by t.
6
Suppose -3*f - 3*i = -2*f - 20, 3*f + 5*i - 64 = 0. Calculate the remainder when 88 is divided by f.
19
Suppose -o - o = -44. Calculate the remainder when o is divided by 6.
4
Suppose 0 + 4 = 2*m. Suppose 0*k = 2*k - 8, -2*v + 4*k = -m. Suppose -4*q + 132 = 4*s, -2*s + 12 = 5*q - 48. What is the remainder when s is divided by v?
8
Let a(u) = 2*u**2 - 16*u + 14. Let l be a(10). Suppose 